of i.
3, 7
Let w(a) = a**3 + 8*a**2 + 5*a - 9. Let z be w(-6). Let m = z - 27. Suppose -2*v = -5*i - 45, -m*v - i + 99 = -v. What are the prime factors of v?
2, 5
Let b(s) = -17*s + 49. What are the prime factors of b(-31)?
2, 3
Suppose -8*r - 2430 = -13*r. Suppose 0 = -0*h + 4*h + 20, 3*g + 3*h - r = 0. What are the prime factors of g?
167
Let s = 4172 - 353. List the prime factors of s.
3, 19, 67
Suppose -5*v = 2*o + 3, -3*v + 0 - 21 = -2*o. Let t = o + 51. What are the prime factors of t?
3, 19
Suppose -7*j = -1107 - 734. What are the prime factors of j?
263
What are the prime factors of (1 + -2846)*354/(-590)?
3, 569
Let n = 19 + -41. Let z = 16 + n. List the prime factors of (18/(-2))/(2/z).
3
Let h be 59/4*(-52)/13. Let t = h - -123. What are the prime factors of t?
2
Let l = -6 + 37. Let z = 4 + l. Let y = z + 5. List the prime factors of y.
2, 5
Suppose 183*k = 147*k + 70056. List the prime factors of k.
2, 7, 139
Let c = -26 + 22. List the prime factors of c/(-4*2/76).
2, 19
Let v(l) = -l - 1. Let j(o) = -21*o + 2. Let d(z) = -j(z) + 6*v(z). What are the prime factors of d(4)?
2, 13
Let q = 11 + -9. Suppose -r = -4*r + q*d + 158, 5*r + 5*d = 255. List the prime factors of r.
2, 13
Let u = -20 + 23. Suppose -28 = -5*c + 3*n, u*n + 14 = 4*c - 9. Suppose 5*s - 43 + 195 = 3*g, -5*s = -c*g + 240. What are the prime factors of g?
2, 11
Let p be (-8)/(-3) - (-1)/3. Let h(u) = -2*u**3 - 3*u**2 - 3*u. Let o be h(-3). Suppose 2*r + p*v - 12 = -0*r, 4*r + 3*v = o. List the prime factors of r.
2, 3
Suppose -4*p - 4*x + 40 = 0, p + 11 - 29 = -5*x. What are the prime factors of 9/(-36) + 1722/p?
5, 43
List the prime factors of (6/(-4) - -1) + 859/2.
3, 11, 13
Let v(r) = -r**2 - 2*r + 7. Let g be v(-3). Suppose y = g*y - 15. Let l = y + 28. What are the prime factors of l?
3, 11
Let y(a) = -10*a**3 - 4*a**2 + a + 3. Let z = 32 - 34. List the prime factors of y(z).
5, 13
Suppose 0 = -2*r + 5*u + 69, -2*r + 33 = -r - 2*u. Suppose -r = -6*b + 93. List the prime factors of b.
2, 5
Let p = 13207 + -7801. List the prime factors of p.
2, 3, 17, 53
Suppose 4*k = 2*r + 280 + 180, 2*k + 5*r - 254 = 0. Suppose -5*i = -203 - k. What are the prime factors of i?
2
Let i = 2412 + -983. What are the prime factors of i?
1429
Let h = -83 + 179. Let z = h + -55. List the prime factors of z.
41
Suppose 24 = 5*h + 2*u, 0 = -u - 3. Let y be 3/h*2*-90. What are the prime factors of (2 + y/4)*-2?
41
Suppose 0 = -g - 2*w + 6 - 0, 3*w + 13 = 4*g. Suppose 5*m = 4*x - 437, -3*x - m + 354 = g*m. List the prime factors of x.
113
What are the prime factors of 17/(153/6126)*(-1 + 4)?
2, 1021
Suppose -2*t + 2*v + 19 = -5*t, 0 = -2*v + 8. Let m be -10 + (-5)/(2 + 3). Let h = t - m. What are the prime factors of h?
2
Suppose 0 = 15*v + 675 + 675. Let o = v - -160. What are the prime factors of o?
2, 5, 7
Let v(j) = -3*j**2 + 4*j + 10. Let o be v(3). Let s(x) = -2*x**2 - 53*x. List the prime factors of s(o).
5, 43
Suppose 0 = -3*y + 4*j + 6174, -3*j = -2*y - 5*j + 4102. What are the prime factors of y?
2, 13, 79
Suppose 0 = -6*m + 451 - 2257. Let s = -72 - m. What are the prime factors of s?
229
Let o = 836 - 781. List the prime factors of o.
5, 11
Suppose -4*x = 2*y - y + 9, -5*y + 30 = -5*x. Suppose -y*s - u = -2, 0 = s - 3*u + 11 + 5. What are the prime factors of ((-22)/(-4))/s*-2?
11
Let s(q) = -726*q**2 + 29 + 728*q**2 - 10 + 12*q. List the prime factors of s(-9).
73
Suppose -3*f = -2*i + 466, 0*i - 317 = 2*f + 5*i. Let l = f - -111. Let w = 83 + l. List the prime factors of w.
2, 19
What are the prime factors of 3/(-20 + 14)*(-16828)/2?
7, 601
Suppose y = 10*y - 180. Suppose 69 = y*m - 19*m. List the prime factors of m.
3, 23
Let o(a) = a**3 + 16*a**2 - 19*a + 24. List the prime factors of o(-14).
2, 11, 31
Let b = -24 + 20. Let x = 30 - b. List the prime factors of x.
2, 17
Suppose -5*l + 0*t - 57 = 3*t, 2*l + 2*t + 26 = 0. Let j = 29 + l. What are the prime factors of j?
2, 5
Suppose 5*q = x - 779 + 213, -2*q = 5*x - 2857. What are the prime factors of x?
571
Let u(l) = 3*l**3 - 49*l**2 + 47*l - 145. Let p(i) = -i**3 + 24*i**2 - 24*i + 73. Let z(v) = 5*p(v) + 2*u(v). What are the prime factors of z(-23)?
2, 3
Let q(k) be the second derivative of k**4/4 + 29*k**3/6 + 13*k. What are the prime factors of q(-12)?
2, 3, 7
Suppose 18 = -0*k - 3*k + g, -2*g + 1 = k. List the prime factors of 1*(-32 - -3)*k.
5, 29
Let g be ((-4)/(-4))/(20/18 - 1). Suppose 8*b - g*b + 105 = 0. List the prime factors of b.
3, 5, 7
Suppose 0*a + 17*a = 4624. List the prime factors of a.
2, 17
Let a = -5855 - -10304. List the prime factors of a.
3, 1483
Let x = -1298 + 2087. List the prime factors of x.
3, 263
Suppose 4*c + 861 = c. Let i be c/(-14)*(5 + 1). Suppose -3*n = -0*n - i. List the prime factors of n.
41
Let w(c) = c**3 + 504. What are the prime factors of w(0)?
2, 3, 7
Suppose y - 1 = 1. Suppose b + 1 = -y*f, 0 = -3*f - 2*f - 25. List the prime factors of b + 0 + (6 - 6).
3
Suppose -4*h - 20 = 0, -u - 110 = u + 2*h. Let n = 118 + u. List the prime factors of n.
2, 17
Suppose -2*t + t - o = -6, t = 2*o + 6. Suppose -2*m - 16 = -t*m. List the prime factors of (2 - 4)/(m/(-80)).
2, 5
Suppose 0 = 3*d - 2*d. Let s = d - -5. Suppose -s*p = -4*v - 82, -2*v = 3*p - 29 - 29. List the prime factors of p.
2, 3
Let z = 94 + 73. List the prime factors of z.
167
Let p(x) = 29*x**2 + x. Let r be p(-1). Let f = 29 + -32. Let s = r - f. List the prime factors of s.
31
Let m be 3/4 - (-1407)/(-84). Let r be (-25)/4 + 12/m. Let i(x) = x**3 + 6*x**2 - 7*x + 8. List the prime factors of i(r).
2
Let p be (-92)/(-16) - (-2)/8. Let y(h) = -h**3 + 5*h**2 + 7*h - 2. List the prime factors of y(p).
2
Suppose 33*h = -12*h + 102015. List the prime factors of h.
2267
Let m(n) = n**2 - n - 4. Let j = 18 - 11. Suppose -w = -4*y - 18 + 2, 0 = -3*y - 4*w + j. List the prime factors of m(y).
2
Let p(y) = -2*y + 22. Let r be p(11). Suppose -10*c = -2*u - 9*c + 572, -u + 2*c + 286 = r. What are the prime factors of u?
2, 11, 13
Let m = 243 - 2. What are the prime factors of m?
241
What are the prime factors of -426*(-8)/(80/15)?
3, 71
Suppose -511 = 5*w + 354. Let l = w - -109. Let u = l + 97. List the prime factors of u.
3, 11
Let a be 18/(-9) - (-11)/(-1). Suppose -5*h + 155 = 4*f, -2*h = -4*h + 4*f + 34. Let d = a + h. What are the prime factors of d?
2, 7
Let u = 2587 - 1138. What are the prime factors of u?
3, 7, 23
Let b(m) = -5*m + 15332 + 9*m**2 - 15343 + m + m**3. Let l(n) = n**3 - 4*n**2. Let t be l(3). What are the prime factors of b(t)?
5
Suppose -30*b = -93*b + 236250. List the prime factors of b.
2, 3, 5
Suppose -q - 13 + 14 = 0. What are the prime factors of (-2 + 4 - -27)/q?
29
Let q be ((-6)/(-8))/((-2)/(-24)). Suppose l - 2*k = q, -2*k + 17 = -l + 2*l. List the prime factors of l.
13
Suppose 5*l - 2*l = 75. Suppose 5*c - l = -0*c. Suppose -8*s = -5*y - 4*s + 60, 2*y + c*s + 9 = 0. What are the prime factors of y?
2
What are the prime factors of -1 - (-3)/(3/2385*5)?
2, 7, 17
Let w(k) = -2*k + 12. Let m be w(5). Let t(l) = 8*l**3 - 4*l**2 + 4*l + 1. List the prime factors of t(m).
3, 19
Suppose 0 = 4*q + 2*j - 134, 4*j = -5*q + 103 + 63. Suppose -4*m + 3*p + 29 = -49, 4*p = 2*m - q. Let k = m + 48. List the prime factors of k.
3, 23
Let f = 11 - -23. Let a be (f/4)/((-1)/(-4)). Let r = a + -4. What are the prime factors of r?
2, 3, 5
Let r(u) = -16*u**3 + 4*u**2 + u - 4. List the prime factors of r(-3).
461
Let o(h) = -257*h + 187. What are the prime factors of o(-6)?
7, 13, 19
List the prime factors of 154843/430 + (2/(-20))/1.
2, 3, 5
Let s be -1 + 1 - (-2)/(1 - 0). Suppose s*t + 10 = -4*l, -2*t + 3*l = 3*t - 40. What are the prime factors of t?
5
Let k = 2163 + -593. List the prime factors of k.
2, 5, 157
Suppose 5*p = 8*p + 2*a - 3789, 5*a - 2526 = -2*p. List the prime factors of p.
3, 421
Suppose a = -7*y + 3*y + 165, a = 4*y - 155. What are the prime factors of y?
2, 5
Suppose -17*v - 470 = -22*v. Suppose 0 = 3*h - 53 - v. List the prime factors of h.
7
Let z = 1396 + -799. What are the prime factors of z?
3, 199
What are the prime factors of -1*12/(-18)*(-3033)/(-6)?
337
Let o(t) = 2*t**3 - 6*t**2 + t - 8. Let b = 12 + -6. Let j be o(b). Suppose -84 = 5*y - j. List the prime factors of y.
2, 13
Let h(